54 is divided by 22?
14
Calculate the remainder when 18056 is divided by 140.
136
What is the remainder when 8218 is divided by 15?
13
Calculate the remainder when 415 is divided by 101.
11
Calculate the remainder when 324 is divided by 65.
64
What is the remainder when 308 is divided by 41?
21
Calculate the remainder when 415 is divided by 3.
1
Calculate the remainder when 60 is divided by 58.
2
What is the remainder when 243 is divided by 7?
5
What is the remainder when 260 is divided by 254?
6
What is the remainder when 64 is divided by 25?
14
What is the remainder when 205 is divided by 53?
46
What is the remainder when 64 is divided by 23?
18
Calculate the remainder when 61 is divided by 7.
5
What is the remainder when 555 is divided by 134?
19
Calculate the remainder when 686 is divided by 13.
10
What is the remainder when 83 is divided by 73?
10
Calculate the remainder when 4907 is divided by 45.
2
What is the remainder when 255 is divided by 133?
122
What is the remainder when 415 is divided by 84?
79
What is the remainder when 967 is divided by 232?
39
What is the remainder when 74 is divided by 23?
5
Calculate the remainder when 57 is divided by 8.
1
What is the remainder when 551 is divided by 68?
7
What is the remainder when 38 is divided by 12?
2
Calculate the remainder when 10627 is divided by 9.
7
What is the remainder when 283 is divided by 19?
17
What is the remainder when 472 is divided by 48?
40
What is the remainder when 171 is divided by 31?
16
What is the remainder when 273 is divided by 33?
9
Calculate the remainder when 415 is divided by 136.
7
Calculate the remainder when 1983 is divided by 91.
72
Calculate the remainder when 298 is divided by 102.
94
What is the remainder when 71 is divided by 9?
8
What is the remainder when 13166 is divided by 15?
11
What is the remainder when 327 is divided by 171?
156
Calculate the remainder when 128 is divided by 23.
13
Calculate the remainder when 2931 is divided by 165.
126
Calculate the remainder when 46 is divided by 18.
10
What is the remainder when 362 is divided by 7?
5
Calculate the remainder when 1492 is divided by 746.
0
Calculate the remainder when 195 is divided by 52.
39
Calculate the remainder when 337 is divided by 20.
17
What is the remainder when 3466 is divided by 8?
2
Calculate the remainder when 22 is divided by 4.
2
What is the remainder when 798 is divided by 33?
6
What is the remainder when 190 is divided by 12?
10
What is the remainder when 133 is divided by 41?
10
What is the remainder when 17 is divided by 7?
3
What is the remainder when 320 is divided by 54?
50
What is the remainder when 114 is divided by 15?
9
Calculate the remainder when 2514 is divided by 11.
6
Calculate the remainder when 294 is divided by 9.
6
Calculate the remainder when 200 is divided by 7.
4
What is the remainder when 261 is divided by 4?
1
Calculate the remainder when 167 is divided by 59.
49
What is the remainder when 1654 is divided by 34?
22
Calculate the remainder when 386 is divided by 172.
42
What is the remainder when 364 is divided by 46?
42
Calculate the remainder when 170 is divided by 26.
14
What is the remainder when 231 is divided by 110?
11
What is the remainder when 528 is divided by 11?
0
Calculate the remainder when 879 is divided by 424.
31
What is the remainder when 2719 is divided by 109?
103
What is the remainder when 314 is divided by 32?
26
What is the remainder when 40 is divided by 6?
4
What is the remainder when 3155 is divided by 268?
207
Calculate the remainder when 1220 is divided by 36.
32
What is the remainder when 257 is divided by 52?
49
What is the remainder when 99 is divided by 19?
4
Calculate the remainder when 1058 is divided by 86.
26
What is the remainder when 68 is divided by 30?
8
What is the remainder when 4 is divided by 1?
0
What is the remainder when 402 is divided by 31?
30
Calculate the remainder when 785 is divided by 751.
34
What is the remainder when 247 is divided by 25?
22
Calculate the remainder when 10957 is divided by 40.
37
What is the remainder when 66 is divided by 39?
27
Calculate the remainder when 29927 is divided by 146.
143
Calculate the remainder when 634 is divided by 557.
77
Calculate the remainder when 379 is divided by 96.
91
Calculate the remainder when 242 is divided by 28.
18
Calculate the remainder when 282 is divided by 41.
36
Calculate the remainder when 146 is divided by 28.
6
What is the remainder when 426 is divided by 37?
19
Calculate the remainder when 45 is divided by 27.
18
Calculate the remainder when 15729 is divided by 171.
168
What is the remainder when 1184 is divided by 54?
50
What is the remainder when 1742 is divided by 156?
26
What is the remainder when 1953 is divided by 11?
6
Calculate the remainder when 627 is divided by 513.
114
Calculate the remainder when 740 is divided by 67.
3
What is the remainder when 132 is divided by 36?
24
What is the remainder when 65 is divided by 34?
31
What is the remainder when 29180 is divided by 456?
452
What is the remainder when 37 is divided by 5?
2
What is the remainder when 53 is divided by 40?
13
What is the remainder when 494 is divided by 99?
98
What is the remainder when 57 is divided by 34?
23
What is the remainder when 620 is divided by 23?
22
What is the remainder when 52 is divided by 17?
1
What is the remainder when 22504 is divided by 31?
29
Calculate the remainder when 128 is divided by 39.
11
What is the remainder when 14627 is divided by 35?
32
Calculate the remainder when 12414 is divided by 13.
12
What is the remainder when 211 is divided by 21?
1
What is the remainder when 104 is divided by 101?
3
What is the remainder when 195 is divided by 88?
19
Calculate the remainder when 159 is divided by 18.
15
What is the remainder when 285 is divided by 272?
13
Calculate the remainder when 2508 is divided by 21.
9
Calculate the remainder when 106 is divided by 28.
22
What is the remainder when 600 is divided by 13?
2
Calculate the remainder when 933 is divided by 11.
9
Calculate the remainder when 190 is divided by 18.
10
Calculate the remainder when 128 is divided by 65.
63
What is the remainder when 66 is divided by 31?
4
What is the remainder when 3721 is divided by 1238?
7
Calculate the remainder when 5669 is divided by 8.
5
What is the remainder when 2909 is divided by 32?
29
Calculate the remainder when 489 is divided by 49.
48
Calculate the remainder when 236 is divided by 30.
26
What is the remainder when 10 is divided by 4?
2
What is the remainder when 300 is divided by 17?
11
Calculate the remainder when 142 is divided by 40.
22
Calculate the remainder when 188 is divided by 27.
26
What is the remainder when 1750 is divided by 89?
59
Calculate the remainder when 171 is divided by 30.
21
Calculate the remainder when 989 is divided by 37.
27
Calculate the remainder when 23 is divided by 8.
7
What is the remainder when 10689 is divided by 411?
3
What is the remainder when 1339 is divided by 657?
25
What is the remainder when 98 is divided by 19?
3
Calculate the remainder when 200 is divided by 58.
26
Calculate the remainder when 330 is divided by 48.
42
Calculate the remainder when 557 is divided by 180.
17
Calculate the remainder when 333 is divided by 26.
21
What is the remainder when 377 is divided by 21?
20
Calculate the remainder when 98 is divided by 45.
8
What is the remainder when 66 is divided by 2?
0
Calculate the remainder when 174 is divided by 62.
50
What is the remainder when 94 is divided by 5?
4
Calculate the remainder when 23 is divided by 12.
11
Calculate the remainder when 1028 is divided by 43.
39
Calculate the remainder when 174 is divided by 171.
3
Calculate the remainder when 45 is divided by 25.
20
What is the remainder when 66 is divided by 20?
6
What is the remainder when 245 is divided by 238?
7
What is the remainder when 2171 is divided by 4?
3
Calculate the remainder when 2468 is divided by 24.
20
What is the remainder when 97 is divided by 22?
9
What is the remainder when 1062 is divided by 14?
12
Calculate the remainder when 49 is divided by 22.
5
What is the remainder when 3993 is divided by 33?
0
What is the remainder when 308 is divided by 161?
147
Calculate the remainder when 847 is divided by 